 o. Suppose l = 4*w - 3 - 9. What are the prime factors of w?
3
Let h be -2 + (1 - -1*7). Let k = 3 - 6. Let o = k + h. What are the prime factors of o?
3
What are the prime factors of -1 - (2 + -4) - -97?
2, 7
Let p be 0 + 2 + (9 - 1). Suppose 0*r - p = -2*r. Suppose -4*u = -5*q - 11, 0 = 6*u - 3*u - r*q - 7. List the prime factors of u.
2
Suppose 583 = 6*h + 25. What are the prime factors of h?
3, 31
Let u be 104/10 + (-2)/5. Suppose 0 = -3*a + 4*a - u. What are the prime factors of a?
2, 5
Suppose 5*z - 166 - 317 = -4*u, -3*u + 364 = 2*z. List the prime factors of u.
2, 61
Let o = 15 + 15. Suppose 3*k + o = 6*k. What are the prime factors of k?
2, 5
Let z be 9 - (-1 - (2 - 4)). Suppose -f = -24 + z. What are the prime factors of f?
2
Let o(u) = -u**3 - u**2 + 4. Let f be o(0). Let c(s) be the second derivative of s**3/6 - s**2/2 - 2*s. List the prime factors of c(f).
3
Suppose 0 = q - 0 - 2. Suppose 3*i = 7 + 5, -q*x + i + 22 = 0. What are the prime factors of x?
13
Let y(x) = x**3 - 4*x**2 - 7*x - 1. Let a be y(6). Suppose -3*m - 3*v - 8 = -a, 2*v = m + 8. What are the prime factors of m?
2
Let v(p) = p + 7. Let z be v(-3). Suppose m + 3*j = 3*m + 4, -4*j + z = -3*m. Suppose -4*n + 44 = m*o, -4*n + 5*o + 48 = 13. List the prime factors of n.
2, 5
Let n(r) = r**3 - 6*r**2 - r + 5. Let x be n(4). Let g = x + 43. List the prime factors of g*(-5)/(30/(-9)).
2, 3
Let s be (-18)/8 - 1/(-4). Let q be (-2 + s + -2)*1. What are the prime factors of (9/2)/((-3)/q)?
3
Suppose 8*r - 3*r - 390 = -5*n, 2*n - 128 = 5*r. What are the prime factors of n?
2, 37
Let b = 0 - 5. List the prime factors of -16*(b/(-2) - 3).
2
Let m = 29 - 19. Suppose 2*l + 3*y = 5*l + 36, l - 5*y + 12 = 0. What are the prime factors of l/4 + m*1?
7
Suppose o - 2 = -0. Let d(m) = m**2 + 6 + 2*m + 5*m - o*m. List the prime factors of d(-6).
2, 3
Suppose f + 1 = -5. Let p(v) = -v**3 + v**2. Let w(d) = 6*d**3 + d**2 + 2*d + 9. Let i(x) = -5*p(x) - w(x). What are the prime factors of i(f)?
3
Let q(h) = -3*h**2 - 2*h + 5. Let m be q(-3). Suppose -4*r + 118 - 2 = 0. Let x = r + m. What are the prime factors of x?
13
Let x = 8 + -2. Suppose -3*v + 15 - x = 0. What are the prime factors of 10/v*(-12)/(-8)?
5
Suppose 0 = 3*k + j - 370, -5*k + j + 428 = -186. List the prime factors of k.
3, 41
Suppose 102 = 5*s + 3*f, 2*s + 2*f = s + 19. Suppose y = -r + s, 0 = r - y - 1 - 20. What are the prime factors of r?
3, 7
Let o(g) = 2*g - 2*g + g + 19. List the prime factors of o(16).
5, 7
Let m = -25 - -12. Let k = m - -59. List the prime factors of k.
2, 23
Let w be ((-24)/(-5))/(-4)*-5. Let n = w + -4. Suppose 4*d + 2*r = -r + 67, -4*d = n*r - 66. What are the prime factors of d?
2
Suppose -3*m = 21 - 84. Let f = m + -12. List the prime factors of f.
3
Suppose -5*m = 4*p - 27, 3*m - 15 = -2*p - 0. Let a(j) = p*j - 2*j + j + 11 - 3*j. What are the prime factors of a(-8)?
19
Suppose 7*b = 161 - 7. What are the prime factors of b?
2, 11
Let m = 111 - 89. List the prime factors of m.
2, 11
Suppose 5*m + 3*i - 221 = 0, 5*m + i - 2*i - 233 = 0. What are the prime factors of m?
2, 23
Let k(a) = -a**3 - 5*a**2 + 7*a - 1. List the prime factors of k(-7).
2, 3
Suppose 0 = a + 4*a + 20. List the prime factors of a/14 + (-745)/(-35).
3, 7
Let r(l) = 3*l**2 - l - 2. Let m(u) = 7*u**2 - 3*u - 4. Let k(a) = 2*m(a) - 5*r(a). Let q be k(0). List the prime factors of 5/q - (-2)/4.
3
Let r(i) = -6*i + 41. List the prime factors of r(-16).
137
Let j be 0/1 + (1 - -4). Suppose -3*u - 7 - j = 0. Let b = u - -6. What are the prime factors of b?
2
Suppose 4*r - 16 = 0, 2*y - 7 + 97 = 4*r. Let f = -23 - y. List the prime factors of f.
2, 7
Let i(n) = -22*n**2 - n + 1. Let r be i(-5). List the prime factors of (-4)/20 - r/20.
3
Let h be ((-6)/(-4))/((-6)/(-8)). Suppose -q - h = -8. List the prime factors of (-4)/q + (-140)/(-12).
11
Suppose -1 = 2*j - 5, 4*j = -a + 142. List the prime factors of a.
2, 67
Let i(p) = -p**3 + 5*p**2 - p - 5. Let u(v) = -v - 2 - 2 + 5*v**3 - 6*v**3 + 4*v**2. Let z(r) = -6*i(r) + 7*u(r). List the prime factors of z(-3).
2, 7
Let w(v) = -2*v - v**2 + 0*v**2 + 3 + 8*v. Suppose 4*x - 6 = -5*s, -2*x - 2 = -3*s - 16. What are the prime factors of w(x)?
11
Suppose -k = 2*k. What are the prime factors of 0 + 2 + (4 - k)?
2, 3
Suppose -5*i - t = -8, 2*i - 10 = -5*t + 7. Let r = 4 - i. Suppose -r*f + 4*f - 5 = 0. What are the prime factors of f?
5
Suppose -2*q = 3*m - 6*q - 98, 3*m + 2*q = 68. List the prime factors of m.
2, 13
Let o be 1/(-4)*(-8)/(-2). Let y(i) = -i**3 - 5*i**2 - 6*i - 3. Let r be y(-4). Let q = o + r. List the prime factors of q.
2
Suppose -31 = -2*z - 1. Suppose z = 2*a - a. List the prime factors of a.
3, 5
Let x(i) = 209*i - 6. What are the prime factors of x(1)?
7, 29
Let p = 1 + -1. Let b(a) be the second derivative of a**5/20 + a**4/12 + a**2 - 3*a. List the prime factors of b(p).
2
Let t(s) = -s**2 + 7*s - 3. Let r be t(6). Suppose 29 = 3*d - y, 3*d + 5*y = -0*d + 35. Suppose 0 = -2*j - r*j + d. List the prime factors of j.
2
Let y(r) = r**2 - 3*r + 1. Let k be y(4). Suppose -179 - 154 = -9*a. Suppose 4*q - 28 = 4*o, q + 4*o + k - a = 0. What are the prime factors of q?
2, 3
Let q(y) = y**2 + 5*y + 5. Let l be q(-4). What are the prime factors of 0*(0 - l) - -17?
17
Let a be 5/20 - 74/8. Let z = a + 12. List the prime factors of z.
3
What are the prime factors of -15 + 66 + -3 + 1?
7
Let i be (3 - 1) + (-2)/(-2). Let o be i/6*(1 - -1). What are the prime factors of -2*-7*o/2?
7
Let x = -2 - -4. Suppose 3*j - 11 + x = 0, 12 = 5*p - j. Suppose 3*o - 7 = 4*c, p*c + 6*o - 2*o - 26 = 0. What are the prime factors of c?
2
Let j = -38 - -56. Let u be (4/(-6))/(2/j). What are the prime factors of 20/u*3/(-2)?
5
Let n(c) = c**2 - 9*c - 67. List the prime factors of n(-15).
293
Let c = 7 - 12. Let z = 8 + c. Let p = 11 - z. What are the prime factors of p?
2
Let x(a) = 16*a + 6. What are the prime factors of x(9)?
2, 3, 5
Let a be (-20)/(-11) + 8/44. Let z = a + 6. Suppose 0 = d - z - 0. What are the prime factors of d?
2
Suppose v - 2*v = 2. Let c = -3 + v. List the prime factors of (-10)/((-5)/(c/(-2))).
5
Let n(y) = 7*y**2 - y + 2. What are the prime factors of n(1)?
2
Suppose j - 2*j = -34. Let g = j + -6. Suppose 5*m - g = 3*m. List the prime factors of m.
2, 7
Let z(m) = m**2 + m - 1. Let u be z(-3). Suppose 0 = u*g + 5*o, 0 = g - 6*o + 2*o + 20. Let s = 6 + g. What are the prime factors of s?
2
Let q = -10 + 4. Let m = -9 - 1. Let p = q - m. List the prime factors of p.
2
Suppose -o = 5*b + 16, 11 = -2*o + 3*b + 31. Suppose -32 = 2*m - o*m. List the prime factors of m.
2
Let q(f) = f**3 + f**2 + f - 4. Let a be q(0). Let x = -126 + 255. List the prime factors of x/12 + (-1)/a.
11
Let t(c) = c + 6. Let v be (2/(-3))/((-6)/9). Suppose 2*q + 7 + v = 0. What are the prime factors of t(q)?
2
Suppose 2*l + 5 = -1. What are the prime factors of (6/5)/(l/(-20))?
2
Let n(f) = 2*f**3 - 5*f**2 + 2*f + 1. List the prime factors of n(3).
2
Suppose 5*c + 47 - 122 = 0. Let v = 28 - 27. Suppose 2*d - c = v. List the prime factors of d.
2
Let t(x) be the first derivative of x**3/3 + 3*x**2/2 + 3*x - 1. What are the prime factors of t(-5)?
13
Let x = 30 + -6. What are the prime factors of x?
2, 3
Let u(g) = -g**2 + 11*g + 3. Let o = 4 + 2. Let a be u(o). Let c = -21 + a. What are the prime factors of c?
2, 3
Let h be -106 - 1/(1/3). Let a = h - -74. Let u = -19 - a. What are the prime factors of u?
2
Let t = -3 - 2. Let c = 12 + t. List the prime factors of c.
7
Let s(w) = 8*w + w + 6 - w**2 - 3*w + 3*w. What are the prime factors of s(9)?
2, 3
Let s be (-3)/(-2) - 10/(-4). Let n be (2 - 0)*(-3)/(-3). Suppose -n + 6 = i + 4*p, s*i + 3*p = 16. What are the prime factors of i?
2
Let u be ((0 + 0)/(-3))/(-1). Suppose i = -u*i. Suppose 5*b + 0*b - 30 = i. List the prime factors of b.
2, 3
Suppose k - 7 = -3*u, -3*k + 3 = -5*u - 4. Let j = -3 + 2. What are the prime factors of (-1 - (j - 1)) + k?
5
Suppose -2 + 18 = j. Let y(z) = -z**2 + 3*z. Let c be y(3). Suppose -3*u - 4*w = u - j, c = 5*w + 10. List the prime factors of u.
2, 3
Suppose -d = -5, 2*d = -2*f + 5 + 5. List the prime factors of -2 - (0 - (5 + f)).
3
Suppose 0 = -2*i + 7*i. List the prime factors of 38*(3/6 + i).
19
Let y(w) = w*